In base 15, what is 56b + 1?
56c
In base 11, what is 121 + 10?
131
In base 14, what is -714a + 1?
-7149
In base 7, what is 45 - 135?
-60
In base 14, what is -2650 - -5?
-2649
In base 6, what is -22152 + -4?
-22200
In base 5, what is 2 + 2302?
2304
In base 9, what is -2825 + 5?
-2820
In base 12, what is 7 - -13?
1a
In base 7, what is -311 + -11?
-322
In base 12, what is 10 - -413?
423
In base 9, what is -260 + -2?
-262
In base 11, what is -946 + -3?
-949
In base 15, what is -233 + 4?
-22e
In base 11, what is -4 + -6?
-a
In base 8, what is 2 - -274?
276
In base 4, what is -3020 - 3?
-3023
In base 8, what is 11 - -770?
1001
In base 7, what is -36 + 254?
215
In base 6, what is -243 - -4?
-235
In base 7, what is -1 - -1041?
1040
In base 7, what is 320 - 121?
166
In base 4, what is -10132 - -11?
-10121
In base 10, what is -37 + -507?
-544
In base 2, what is 1000 - 100000111?
-11111111
In base 9, what is 0 - 24?
-24
In base 15, what is 190 - 0?
190
In base 14, what is -50 - 15?
-65
In base 14, what is -1b + 51?
34
In base 16, what is -4 - 10c?
-110
In base 2, what is -100 - -10101101?
10101001
In base 13, what is 1909 - 5?
1904
In base 15, what is -4 - -12?
d
In base 6, what is -10 + 1?
-5
In base 8, what is 0 + -51?
-51
In base 14, what is -8 + 3d?
35
In base 2, what is -10 + 110110110010?
110110110000
In base 8, what is 433 + -1?
432
In base 12, what is -17981 - 3?
-17984
In base 4, what is -3 - -320103?
320100
In base 10, what is 1506 + 10?
1516
In base 13, what is 170c - -3?
1712
In base 8, what is -145 - 3?
-150
In base 2, what is 100111 - 10?
100101
In base 5, what is 3412 - 10?
3402
In base 16, what is -5 + -85?
-8a
In base 12, what is 6803 - 0?
6803
In base 6, what is -103 - -4?
-55
In base 12, what is -1 + 21a5?
21a4
In base 6, what is -15 + 31?
12
In base 12, what is 373 - -3?
376
In base 9, what is -32 + 130?
87
In base 16, what is -1025 + -4?
-1029
In base 2, what is -10 + 10110?
10100
In base 15, what is 4267 - 3?
4264
In base 13, what is -138 + 3?
-135
In base 6, what is 33405 - 0?
33405
In base 6, what is 212 - 23?
145
In base 16, what is -116a + -1?
-116b
In base 15, what is -90 + 0?
-90
In base 14, what is 1 - 1d56?
-1d55
In base 5, what is -400330 + 1?
-400324
In base 16, what is -4 + -ab?
-af
In base 10, what is -18 - 2?
-20
In base 6, what is 32 + 135?
211
In base 14, what is c8 - 3?
c5
In base 6, what is 1 - -531?
532
In base 16, what is -1 + 15?
14
In base 8, what is 50 - 310?
-240
In base 8, what is 3 - 117?
-114
In base 4, what is -111 - 101?
-212
In base 2, what is -10100 + -11?
-10111
In base 16, what is 28 - -8?
30
In base 12, what is 2495 + 3?
2498
In base 11, what is 3 + 581?
584
In base 11, what is 7 - 7a?
-73
In base 11, what is 623 - 3?
620
In base 13, what is 10cc9 - 5?
10cc4
In base 4, what is -213121 + -2?
-213123
In base 9, what is 4 + 323?
327
In base 10, what is 889 - -5?
894
In base 13, what is 1189 + -2?
1187
In base 15, what is -2 + 104?
102
In base 8, what is -10 + -5?
-15
In base 12, what is -2064 + 2?
-2062
In base 16, what is 17a - 1?
179
In base 6, what is 21 + 45?
110
In base 5, what is 43 - 2042?
-1444
In base 10, what is -285 - 0?
-285
In base 15, what is -178 + -4?
-17c
In base 11, what is 14 + 0?
14
In base 4, what is 20133 - 1?
20132
In base 13, what is -42 + -12?
-54
In base 6, what is 0 - -251?
251
In base 15, what is 4 + 4ca?
4ce
In base 2, what is -10011 + 1?
-10010
In base 6, what is -52224 + 4?
-52220
In base 2, what is -100100 + -10101?
-111001
In base 16, what is 336 - -6?
33c
In base 10, what is 48 + -26?
22
In base 12, what is -115 - 5?
-11a
In base 12, what is -35 - -7?
-2a
In base 4, what is 2 - -221?
223
In base 7, what is 2222 - 2?
2220
In base 9, what is -3 - -548?
545
In base 13, what is 297 - 1?
296
In base 3, what is 0 - -200001?
200001
In base 15, what is 0 - -938?
938
In base 7, what is -413 - 2?
-415
In base 3, what is 10101 - 22?
10002
In base 15, what is 81 - -3?
84
In base 10, what is -41 - 5?
-46
In base 4, what is -3 + -3100?
-3103
In base 5, what is 0 - 12?
-12
In base 10, what is -2 + -457?
-459
In base 9, what is -448 - 10?
-458
In base 9, what is -5 + 138?
133
In base 10, what is 0 + 15?
15
In base 4, what is -3 + -302?
-311
In base 13, what is 2 + c6?
c8
In base 4, what is -10 - 3222?
-3232
In base 6, what is -1355 + -35?
-1434
In base 7, what is -114 - 4?
-121
In base 11, what is 5 + 117a?
1184
In base 6, what is 21214 + 5?
21223
In base 2, what is 1 + 11101101?
11101110
In base 2, what is 110 + -1110?
-1000
In base 15, what is -54e + -5?
-554
In base 11, what is -a97 + -8?
-aa4
In base 10, what is 15 + -8?
7
In base 4, what is 1310 - 13?
1231
In base 14, what is b + -254?
-247
In base 2, what is 10100011 - 11?
10100000
In base 10, what is -43 + 26?
-17
In base 14, what is -1 - -83?
82
In base 2, what is -10110 + 1100110?
1010000
In base 9, what is 406 + -1?
405
In base 13, what is -647 + -5?
-64c
In base 4, what is 3 - -233?
302
In base 4, what is -11 + 2303?
2232
In base 10, what is 1419 - 5?
1414
In base 16, what is -19 - -1?
-18
In base 16, what is -5 - -6?
1
In base 13, what is -3 - -1a8?
1a5
In base 5, what is -21233 - 33?
-21321
In base 5, what is 12 + -240?
-223
In base 13, what is 8 - -a?
15
In base 6, what is -31 + 42?
11
In base 14, what is -2758 - 2?
-275a
In base 13, what is 63 - c?
54
In base 8, what is -6 + 2112?
2104
In base 10, what is -3 + -1248?
-1251
In base 14, what is -95 + 24?
-71
In base 16, what is 6 + 59?
5f
In base 11, what is -3 - -2a?
27
In base 9, what is 2 + 2786?
2788
In base 13, what is 85 + -2?
83
In base 3, what is 1 - 1122111?
-1122110
In base 12, what is -3 - 111?
-114
In base 14, what is 4 - 1b53?
-1b4d
In base 12, what is 3764 + -2?
3762
In base 5, what is -10300 - 1?
-10301
In base 13, what is -95 + -3?
-98
In base 9, what is -4 + -5274?
-5278
In base 12, what is 203 + 4?
207
In base 15, what is -3 + 25?
22
In base 6, what is -1351 + -14?
-1405
In base 4, what is -3 + -11?
-20
In base 12, what is 3 - 1017?
-1014
In base 13, what is -66 - 2?
-68
In base 10, what is 5 + -2677?
-2672
In base 6, what is -2 + -541?
-543
In base 12, what is -a39 - -2?
-a37
In base 12, what is 4 + -2?
2
In base 3, what is -221 - -10?
-211
In base 7, what is 5 + 16602?
16610
In base 9, what is -732 + 1?
-731
In base 5, what is 2 - -111000?
111002
In base 14, what is 5 - -2?
7
In base 5, what is -1130 + 0?
-1130
In base 12, what is 4 - 142?
-13a
In base 14, what is -38 + -3?
-3b
In base 12, what is 6b92 - 1?
6b91
In base 15, what is -94 - -3?
-91
In base 12, what is 76 + -5?
71
In base 13, what is 257 - b?
249
In base 4, what is 30221 + 2?
30223
In base 16, what is 18 + 3?
1b
In base 5, what is -10 - -40?
30
In base 2, what is -1011001111101 + -11?
-1011010000000
In base 4, what is 11030332 - 1?
11030331
In base 9, what is 5 + 26?
32
In base 7, what is -24 + 13?
-11
In base 3, what is 0 - 10122?
-10122
In base 15, what is -2ac0 + 3?
-2abc
In base 12, what is -1619 + -3?
-1620
In base 13, what is -188 - 1?
-189
In base 4, what is 0 - -2111?
2111
In base 12, what is 21 + -3?
1a
In base 8, what is 1 + 1153?
1154
In base 14, what is -305 - -3?
-302
In base 11, what is -5 + 3284?
327a
In base 7, what is 11246 - -2?
11251
In base 8, what is -20 - 22?
-42
In base 13, what is 31 + 1?
32
In base 16, what is 2f6f - 0?
2f6f
In base 15, what is -b46 + -3?
-b49
In base 3, what is 0 - -1220002?
1220002
In base 4, what is -1 + -1312?
-1313
In base 10, what is -20 + -83?
-103
In base 8, what is -26 - -37?
11
In base 6, what is -3 + -13?
-20
In base 15, what is -7da - 1?
-7db
In base 14, what is 48 - -70?
b8
In base 15, what is 34 - 11?
23
In base 3, what is -11 + 201220?
201202
In base 10, what is -526 + 0?
-526
In base 7, what is -1154 + 0?
-1154
In base 15, what is 730 - 5?
72a
In base 12, what is 1225 - -8?
1231
In base 6, what is -23051 - 0?
-23051
In base 13, what is 36 - -2?
38
In base 3, what is 11 - -1100?
1111
In base 15, what is -20 - -39?
19
In base 8, what is -14 - 322?
-336
In base 16, what is f + 94?
a3
In base 3, what is -21 + 120?
22
In base 14, what is 3 - 3238?
-3235
In base 10, what is -68 + -5?
-73
In base 10, what is 91 + 13?
104
In base 9, what is 380 - -2?
382
In base 8, what is -1 - 4251?
-4252
In base 14, what is 1430 + -4?
142a
In base 10,